{"id":855,"date":"2021-11-20T11:04:31","date_gmt":"2021-11-20T10:04:31","guid":{"rendered":"https:\/\/xn--pdagogikogbehandling-i0b.dk\/?page_id=855"},"modified":"2021-11-20T11:06:38","modified_gmt":"2021-11-20T10:06:38","slug":"oplaeg-og-undervisning-til-skoler-og-daginstitutioner","status":"publish","type":"page","link":"https:\/\/xn--pdagogikogbehandling-i0b.dk\/index.php\/oplaeg-og-undervisning-til-skoler-og-daginstitutioner\/","title":{"rendered":"Opl\u00e6g og undervisning til skoler og daginstitutioner"},"content":{"rendered":"<p>Udsatte b\u00f8rn, unge og deres familier Relations kompetence, herunder inspiration til p\u00e6dagoger og l\u00e6rer til at komme videre i arbejdet med b\u00f8rn og unge i udsatte positioner. Opl\u00e6g til skoler: \u201d inklusion set med p\u00e6dagogens \u00f8jne\u201d Opl\u00e6g: Den sv\u00e6re samtale, hvordan f\u00e5r vi snakket om det der n\u00e6sten ikke er til at tale om, eks. vis mistanke om alkoholmisbrug, mistrivsel osv.<\/p>\n","protected":false},"excerpt":{"rendered":"<p>Udsatte b\u00f8rn, unge og deres familier Relations kompetence, herunder inspiration til p\u00e6dagoger og l\u00e6rer til at komme videre i arbejdet med b\u00f8rn og unge i udsatte positioner. Opl\u00e6g til skoler: \u201d inklusion set med p\u00e6dagogens \u00f8jne\u201d Opl\u00e6g: Den sv\u00e6re samtale, hvordan f\u00e5r vi snakket om det der n\u00e6sten ikke er til at tale om, eks. [&hellip;]<\/p>\n","protected":false},"author":1,"featured_media":0,"parent":0,"menu_order":0,"comment_status":"closed","ping_status":"closed","template":"","meta":{"footnotes":""},"_links":{"self":[{"href":"https:\/\/xn--pdagogikogbehandling-i0b.dk\/index.php\/wp-json\/wp\/v2\/pages\/855"}],"collection":[{"href":"https:\/\/xn--pdagogikogbehandling-i0b.dk\/index.php\/wp-json\/wp\/v2\/pages"}],"about":[{"href":"https:\/\/xn--pdagogikogbehandling-i0b.dk\/index.php\/wp-json\/wp\/v2\/types\/page"}],"author":[{"embeddable":true,"href":"https:\/\/xn--pdagogikogbehandling-i0b.dk\/index.php\/wp-json\/wp\/v2\/users\/1"}],"replies":[{"embeddable":true,"href":"https:\/\/xn--pdagogikogbehandling-i0b.dk\/index.php\/wp-json\/wp\/v2\/comments?post=855"}],"version-history":[{"count":0,"href":"https:\/\/xn--pdagogikogbehandling-i0b.dk\/index.php\/wp-json\/wp\/v2\/pages\/855\/revisions"}],"wp:attachment":[{"href":"https:\/\/xn--pdagogikogbehandling-i0b.dk\/index.php\/wp-json\/wp\/v2\/media?parent=855"}],"curies":[{"name":"wp","href":"https:\/\/api.w.org\/{rel}","templated":true}]}}